ivative of h**3 - 2*h**2 - h + 3. List the prime factors of n(3).
2, 7
Let l = -2 - 0. Let t(p) = -2*p**3 - 2*p**2 - 3*p - 1. What are the prime factors of t(l)?
13
What are the prime factors of (3 + (-9)/6)/((-1)/(-74))?
3, 37
Let y(b) be the second derivative of b**3/3 + b**2/2 - b. List the prime factors of y(4).
3
Suppose -2*h = o - 8, 6*o = 4*o - 5*h + 16. What are the prime factors of 3*(-2)/(-12)*o?
2
Suppose -65*q = -67*q + 432. What are the prime factors of q?
2, 3
Let j be (-5 + 5)/(1 + 1). Let c = j - -3. What are the prime factors of c?
3
Suppose -4*w - 7 = -31. Suppose 0 = -p - 2*j + 12, -w = -p - 2*j - 2*j. List the prime factors of p.
2, 3
Suppose 1 = -w, 5*w + 1 = -0*r - r. Suppose 9*o - r*o = 215. List the prime factors of o.
43
List the prime factors of (-294)/(-10) - 2/5.
29
Let x = 102 + -61. Let u = 6 + x. What are the prime factors of u?
47
Suppose -6*c + 3*c - 21 = 0. Let y(d) = -d**3 - 7*d**2 - 2*d - 5. List the prime factors of y(c).
3
Suppose -4*s = -5*h - 12, -h - 4*s = -s + 10. Let o(w) = 3*w**2 + 5*w - 3. What are the prime factors of o(h)?
5
Let x(d) = -30*d - 5. Let y be x(-2). Suppose -4*t + y = -33. What are the prime factors of t?
2, 11
Let r(k) = 4*k + 62. List the prime factors of r(0).
2, 31
Let d be 3 - 2 - 3*-1. Suppose 5*l + 4*u = 33, -d*u + 11 = 3. Suppose -2*r = l*w - 21, 3*w = 4*r - 40 - 15. List the prime factors of r.
13
What are the prime factors of 45 + 2 + (5 - 4)?
2, 3
Let j = -216 + 360. List the prime factors of j.
2, 3
Suppose 6 = -3*k, 2*u + 6 = -5*k + 2. Let p = u - 3. Suppose p*i - 44 = -4*i. List the prime factors of i.
11
Let y be (-5 - -5)/(4/(-2)). Suppose -h - 3*r - 4 = 0, y = -4*h - 0*h - 3*r + 11. List the prime factors of h.
5
Let n be (-2 - -3)/(3/45). Let h be ((-10)/n)/(4/(-42)). Suppose 3*u = 5*p - 15 - 4, 0 = -3*p + 4*u + h. What are the prime factors of p?
5
Let s be 7 + (-1)/(-2)*-4. Suppose -3*a + 2*q + 14 = 0, -3*a + s*q + 25 = 2*a. Suppose 4 = -2*g + a*k, 2*k + 14 - 40 = -2*g. List the prime factors of g.
2
Let q = -3 - -6. Let s be 11/q - (-6)/(-9). Suppose s*m + 7 = 5*h - 4, -2*m + 6 = 0. What are the prime factors of h?
2
Let a = -4 + 7. What are the prime factors of 6 + (3 - (a - -2))?
2
Let r = -8 - -12. Suppose -4*g - 4*z = 4, -2*z - 3 = 5*g - 1. Let j = r - g. List the prime factors of j.
2
Suppose -4*r + 213 = -219. List the prime factors of r.
2, 3
Suppose 5*n - 33 = 12. Let t(d) = 3*d + d**3 + 2*d + 3*d - 10*d**2 + 13. List the prime factors of t(n).
2
Suppose 0*n = -4*n + 288. Suppose 2*s + n = 4*u - 2*s, 0 = -4*u - s + 57. List the prime factors of u.
3, 5
Suppose 0 = 6*y + 260 - 1010. What are the prime factors of y?
5
Let h = 9 + -9. Suppose h = 2*q - 6*q + 48. What are the prime factors of q?
2, 3
Suppose -6*q + g - 11 = -3*q, -2*q = 2*g + 10. List the prime factors of 8/q*(-23)/2.
23
Let n = 2 - -23. List the prime factors of n.
5
Let y(u) be the first derivative of 2*u**3 + 1/4*u**4 - 5*u**2 - 4*u - 1. List the prime factors of y(-7).
17
Let x be 9/3 - (-2 - -10). Let y = 8 + x. List the prime factors of 2*(y - 2) + 2.
2
Let c = -11 - -39. Suppose 2*o - c = 4*v - 100, 10 = -5*o. List the prime factors of v.
17
What are the prime factors of 18 - (5 - (-4 + 8))?
17
Let i(p) = p. Let a(m) = -3*m - 7. Let h(x) = a(x) + i(x). Let b be h(7). Let v = -9 - b. What are the prime factors of v?
2, 3
Suppose v - 7 - 17 = 0. List the prime factors of v.
2, 3
Let n(u) = 2*u - 11. Suppose 0*i + 3*i = 30. List the prime factors of n(i).
3
Suppose -4*f + 4*z = 24, 0*z - 5*z + 15 = 0. Let t be (f*2)/((-2)/(-4)). What are the prime factors of t/(-7) - 2/(-7)?
2
Suppose 5*v = -25, -4*v - 60 = -5*r - 0*r. Suppose -6*f + 2*f = -h + 19, 0 = -2*f - r. List the prime factors of (h - 4) + (-20)/(-1).
19
Let b(s) = 19*s. Suppose 5*y - 12 = -2*j, 5*y - 10 = -0*y. List the prime factors of b(j).
19
Suppose -2*y + 24 = y. Let r be (y/20)/(1/35). Let k = r - 8. What are the prime factors of k?
2, 3
Let v = 2 + 0. Let z(g) = -2*g**2 + 11*g**v - 3*g + 4*g. List the prime factors of z(1).
2, 5
Suppose 4*f + 0*f = 3*g + 295, g = -5*f + 383. What are the prime factors of f?
2, 19
Let p be 0/(-2) - (-2 + -1). Let l = p - 1. What are the prime factors of 5 - (l*-1 - -2)?
5
List the prime factors of 64/(-2)*(0 + -1).
2
What are the prime factors of (5/3)/((-1)/(-9))?
3, 5
Let t be (-2)/((-4)/(-6)) + 17. Suppose 0 = -3*b - 5 + t. List the prime factors of b.
3
Let k(v) = v**3 + 6*v**2 + v + 8. Let i be k(-6). Suppose -4 = i*f - 0*f. Let y = 18 - f. List the prime factors of y.
2, 5
Let q = -15 - -30. List the prime factors of q.
3, 5
Suppose -2*v + 5*w + 0*w + 143 = 0, w + 139 = 2*v. Suppose 5*o + g + 14 = v, 5*g = 0. List the prime factors of o.
11
Let z(p) be the third derivative of 1/15*p**5 + 0*p - 2*p**2 + 1/4*p**4 - 1/3*p**3 - 1/120*p**6 + 0. What are the prime factors of z(5)?
3
Let s(v) = 2*v**2 + 18*v + 5. List the prime factors of s(-12).
7, 11
Let x(k) = -k**3 - 8*k**2 + k + 11. Let f be x(-8). Suppose f*u - 123 = -30. Let z = u - 20. List the prime factors of z.
11
Let c be ((-4)/(-6))/((-3)/9*1). Let b(g) = 2 - 7*g + 3*g - 3*g. What are the prime factors of b(c)?
2
Let n(u) = -u**2 - 5*u + 4. Let t be n(-6). List the prime factors of (-3)/(t - 1) + 1.
2
Let v = -5 - -4. Let m be -2 + (1 - 2 - v). What are the prime factors of 76/12 + m/6?
2, 3
Let y = 11 - 11. Suppose y = 2*d - 7*d + 235. What are the prime factors of d?
47
Let p be ((-2)/(-8))/((-2)/(-8)). List the prime factors of -1 + -3*(p + -8).
2, 5
Suppose -4*d - 4*z = -42 - 46, 4*d - 2*z - 58 = 0. Let s(y) = -9*y**3 - 2*y + 1. Let w be s(1). Let r = d + w. List the prime factors of r.
7
Let z(g) = -2*g - 2. Let x be z(-3). Suppose -x*i = -0*i - 64. List the prime factors of i.
2
Let u be (-4 + 4)*(-2)/4. Suppose -b = 0, -2*v + u*v = -2*b. Suppose 3*q + 0 - 24 = v. List the prime factors of q.
2
Suppose -174 + 802 = 4*i - 4*y, 294 = 2*i + 3*y. Suppose -3*m - 7*j + i = -3*j, 3*m = j + 168. What are the prime factors of m?
5, 11
Let u = 35 - 35. Suppose j - 8 = -3*j - b, 3*b + 12 = 0. Suppose 25 = 5*z + p, -z - z - j*p + 10 = u. What are the prime factors of z?
5
Let h(p) = -2 + 0*p**2 + p**2 + p + 2*p. Let c be h(-6). Suppose -c + 2 = -2*u - 2*a, 0 = 5*u + 2*a - 38. List the prime factors of u.
2
Suppose 50 = -5*u - 0*u. Let q = 0 - 16. Let g = u - q. List the prime factors of g.
2, 3
Let b(t) = -7*t**3 - 2*t**2 - 3*t - 1. What are the prime factors of b(-2)?
53
Let l = -12 - -24. What are the prime factors of l?
2, 3
Let h(g) = -16*g - 9. List the prime factors of h(-6).
3, 29
Suppose -v = 2*s - 0*s - 54, -3*v + 2*s = -146. List the prime factors of v.
2, 5
Suppose 0*d - 144 = -4*d. Let g = d - 24. Suppose -3*q - g = 0, 2*x + 0*q - q - 30 = 0. List the prime factors of x.
13
Suppose u = 4*u + 2*g - 5, 3*u = -5*g + 8. Let a = u + -4. List the prime factors of 3*a/(-1) + 2.
11
Suppose -j = h - 7, 25 = 4*h + 3*j + 1. Suppose -68 = -3*v - 4*q, 0 = -0*v + v - h*q - 1. List the prime factors of v.
2
Suppose 6 = -4*j - 2. List the prime factors of -14*(j/(-4) + -1).
7
Suppose 4 = k + 1. Suppose 5*y - k - 82 = 0. What are the prime factors of y?
17
Let p(d) = 38*d**2 - 1. List the prime factors of p(-1).
37
Suppose -5*s = -10, -4*s - 4 = 5*k - 27. Suppose -185 = -5*l - 5*g, 3*g = -6 + k. Let q = -26 + l. What are the prime factors of q?
2, 3
Let w be 2/9 + 428/18. Suppose 5*x = 4*x + w. Suppose x = 2*m - 0. List the prime factors of m.
2, 3
Let r = -15 - -16. Let p = 1 + r. List the prime factors of p.
2
Suppose 16 - 4 = 4*t. Suppose t*m - 39 = -0*m. Let g = m - 8. What are the prime factors of g?
5
Suppose 54 = 3*l - 102. Suppose 2*p - l = 6*p. Let x = -1 - p. What are the prime factors of x?
2, 3
Let t be (14/5)/(8/(-40)). Let k be (t/4)/((-2)/4). Let u = k + -2. List the prime factors of u.
5
Suppose -3*g + n = -67, 0*g + 2*g + n - 43 = 0. Suppose 0 = -0*b + 2*b - g. List the prime factors of b.
11
Suppose -3*n + 5*m = -360, 198 = 2*n + 2*m - 42. What are the prime factors of n?
2, 3, 5
Suppose -3*y - 106 = 5*b - 0*y, -b - 4*y = 11. Let x = -16 - b. Let d = -4 + x. What are the prime factors of d?
3
Let i(b) = b - 4. Let w be i(7). Let l be -2 - ((1 - w) + 4). List the prime factors of 34/4 + l/8.
2
Suppose 4*z - 354 = -5*s,